{"id":364,"date":"2026-04-07T10:46:49","date_gmt":"2026-04-07T09:46:49","guid":{"rendered":"https:\/\/danisoft-dz.com\/?post_type=product&#038;p=364"},"modified":"2026-04-07T11:46:47","modified_gmt":"2026-04-07T10:46:47","slug":"digicode-controle-dacces-mk-v-zkteco","status":"publish","type":"product","link":"https:\/\/danisoft-dz.com\/?product=digicode-controle-dacces-mk-v-zkteco","title":{"rendered":"Digicode Contr\u00f4le d&rsquo;acc\u00e8s MK-V ZKTECO"},"content":{"rendered":"<p>MK-V est un terminal autonome de contr\u00f4le d&rsquo;acc\u00e8s en m\u00e9tal durable avec bo\u00eetier m\u00e9tallique et structure \u00e9tanche IP66.<\/p>\n<div class=\"__content\" style=\"background-repeat:no-repeat;margin:0px;padding:0px;font-family:DroidArabicKufiRegular,\">\n<div data-v-ab3f1190=\"\" style=\"background-repeat:no-repeat;margin:0px;padding:0px;font-family:DroidArabicKufiRegular,\">\n<div class=\"v-card v-theme--dark v-card--density-default elevation-1 v-card--variant-elevated o-announ-specs mt-3\" data-v-ab3f1190=\"\" style=\"margin-top:12px!important;margin-right:0px;margin-bottom:0px;margin-left:0px;padding:0px;font-family:DroidArabicKufiRegular,\">\n<div class=\"v-card-text __description\" data-v-ab3f1190=\"\" style=\"background-repeat:no-repeat;margin:0px;padding:0px1rem1rem;font-family:DroidArabicKufiRegular,\">\n<div class=\"align-left\" data-v-ab3f1190=\"\" style=\"background-repeat:no-repeat;margin:0px;padding:0px;font-family:DroidArabicKufiRegular,\">Fonctionnalit\u00e9s :<\/p>\n<p>&#8211; Mot de passe ou carte EM 125KHz pour v\u00e9rification<br \/>\n&#8211; Clavier \u00e9tanche et r\u00e9tro\u00e9clair\u00e9 robuste<br \/>\n&#8211; La longueur du mot de passe de 4 \u00e0 6 chiffres peut \u00eatre d\u00e9finie<br \/>\n&#8211; Retours lumineux et audio<br \/>\n&#8211; D\u00e9lai de contr\u00f4le de verrouillage, dur\u00e9e de d\u00e9verrouillage programmable de 0 \u00e0 99 secondes<br \/>\n&#8211; D\u00e9lai d&rsquo;alarme programmable de 1 \u00e0 3 minutes<br \/>\n&#8211; Cartes RFID<br \/>\n&#8211; Stocke une capacit\u00e9 de 1000 PIN et 1000 cartes EM<br \/>\n&#8211; Soutenir les travaux cryog\u00e9niques (minimum -40\u00b0C)<br \/>\n&#8211; Mode de contr\u00f4le d&rsquo;acc\u00e8s, mode de commutation<br \/>\n&#8211; Serrure \u00e9lectronique, bouton de sortie (en option)<br \/>\n&#8211; Prend en charge la fonction de carte d&rsquo;identit\u00e9 d&rsquo;invit\u00e9<br \/>\n&#8211; Commutateur anti-sabotage<\/p>\n<\/div>\n<\/div>\n<\/div>\n<\/div>\n<\/div>\n","protected":false},"excerpt":{"rendered":"<p>MK-V est un terminal autonome de contr\u00f4le d&rsquo;acc\u00e8s en m\u00e9tal durable avec bo\u00eetier m\u00e9tallique et structure \u00e9tanche IP66. Fonctionnalit\u00e9s : &#8211; Mot de passe ou carte EM 125KHz pour v\u00e9rification&hellip;<\/p>\n","protected":false},"featured_media":365,"comment_status":"open","ping_status":"closed","template":"","meta":[],"product_brand":[],"product_cat":[15,52,50],"product_tag":[],"class_list":{"0":"post-364","1":"product","2":"type-product","3":"status-publish","4":"has-post-thumbnail","6":"product_cat-materiel-informatique-pos","7":"product_cat-controleur-de-porte","8":"product_cat-digicode","10":"first","11":"instock","12":"shipping-taxable","13":"purchasable","14":"product-type-simple"},"aioseo_notices":[],"jetpack_sharing_enabled":true,"_links":{"self":[{"href":"https:\/\/danisoft-dz.com\/index.php?rest_route=\/wp\/v2\/product\/364","targetHints":{"allow":["GET"]}}],"collection":[{"href":"https:\/\/danisoft-dz.com\/index.php?rest_route=\/wp\/v2\/product"}],"about":[{"href":"https:\/\/danisoft-dz.com\/index.php?rest_route=\/wp\/v2\/types\/product"}],"replies":[{"embeddable":true,"href":"https:\/\/danisoft-dz.com\/index.php?rest_route=%2Fwp%2Fv2%2Fcomments&post=364"}],"wp:featuredmedia":[{"embeddable":true,"href":"https:\/\/danisoft-dz.com\/index.php?rest_route=\/wp\/v2\/media\/365"}],"wp:attachment":[{"href":"https:\/\/danisoft-dz.com\/index.php?rest_route=%2Fwp%2Fv2%2Fmedia&parent=364"}],"wp:term":[{"taxonomy":"product_brand","embeddable":true,"href":"https:\/\/danisoft-dz.com\/index.php?rest_route=%2Fwp%2Fv2%2Fproduct_brand&post=364"},{"taxonomy":"product_cat","embeddable":true,"href":"https:\/\/danisoft-dz.com\/index.php?rest_route=%2Fwp%2Fv2%2Fproduct_cat&post=364"},{"taxonomy":"product_tag","embeddable":true,"href":"https:\/\/danisoft-dz.com\/index.php?rest_route=%2Fwp%2Fv2%2Fproduct_tag&post=364"}],"curies":[{"name":"wp","href":"https:\/\/api.w.org\/{rel}","templated":true}]}}